{"id":1570,"date":"2024-07-26T12:54:37","date_gmt":"2024-07-26T09:54:37","guid":{"rendered":"https:\/\/medyaeksper.com\/?post_type=product&#038;p=1570"},"modified":"2024-12-17T11:29:10","modified_gmt":"2024-12-17T08:29:10","slug":"blackmagic-studio-camera-6k-pro","status":"publish","type":"product","link":"https:\/\/medyaeksper.com\/?product=blackmagic-studio-camera-6k-pro","title":{"rendered":"Blackmagic Studio Camera 6K Pro"},"content":{"rendered":"<p>En \u00fcst d\u00fczey st\u00fcdyo kameras\u0131 olarak tasarlanan Blackmagic Studio Camera 6K Pro, ger\u00e7ek sinematik g\u00f6r\u00fcnt\u00fcl\u00fc canl\u0131 yap\u0131m i\u00e7in daha b\u00fcy\u00fck bir 6K S\u00fcper 35 sens\u00f6re ve EF lens yuvas\u0131na sahiptir. Kameraya giren \u0131\u015f\u0131k miktar\u0131n\u0131 azaltan yerle\u015fik ND filtreleri, sert g\u00fcne\u015f \u0131\u015f\u0131\u011f\u0131 da dahil, \u00e7ok daha farkl\u0131 ortamlarda \u00e7al\u0131\u015fman\u0131za olanak tan\u0131r. \u00dcstelik, yerle\u015fik internet yay\u0131n \u00f6zelli\u011fiyle do\u011frudan internet yay\u0131n\u0131 yapabilirsiniz! Ayr\u0131ca, \u00e7ok daha d\u00fc\u015f\u00fck maliyetli SMPTE tarz\u0131 bir i\u015f ak\u0131\u015f\u0131 i\u00e7in t\u00fcm ba\u011flant\u0131lar\u0131n tek kablo \u00fczerinden yap\u0131lmas\u0131n\u0131 sa\u011flayan 12G SDI, HDMI ve 10G Ethernet ba\u011flant\u0131lar\u0131 da sunar.<\/p>\n","protected":false},"excerpt":{"rendered":"<p class=\"hide-if-no-js\"><img loading=\"lazy\" decoding=\"async\" class=\"alignnone size-medium wp-image-1578\" src=\"https:\/\/medyaeksper.com\/wp-content\/uploads\/2024\/07\/Blackmagic-Studio-Camera-6K-Pro3-2-300x212.jpg\" alt=\"\" width=\"300\" height=\"212\" srcset=\"https:\/\/medyaeksper.com\/wp-content\/uploads\/2024\/07\/Blackmagic-Studio-Camera-6K-Pro3-2-300x212.jpg 300w, https:\/\/medyaeksper.com\/wp-content\/uploads\/2024\/07\/Blackmagic-Studio-Camera-6K-Pro3-2-1024x725.jpg 1024w, https:\/\/medyaeksper.com\/wp-content\/uploads\/2024\/07\/Blackmagic-Studio-Camera-6K-Pro3-2-768x544.jpg 768w, https:\/\/medyaeksper.com\/wp-content\/uploads\/2024\/07\/Blackmagic-Studio-Camera-6K-Pro3-2-600x425.jpg 600w, https:\/\/medyaeksper.com\/wp-content\/uploads\/2024\/07\/Blackmagic-Studio-Camera-6K-Pro3-2.jpg 1186w\" sizes=\"auto, (max-width: 300px) 100vw, 300px\" \/> <img loading=\"lazy\" decoding=\"async\" class=\"alignnone size-medium wp-image-1579\" src=\"https:\/\/medyaeksper.com\/wp-content\/uploads\/2024\/07\/Blackmagic-Studio-Camera-6K-Pro-2-300x283.jpg\" alt=\"\" width=\"300\" height=\"283\" srcset=\"https:\/\/medyaeksper.com\/wp-content\/uploads\/2024\/07\/Blackmagic-Studio-Camera-6K-Pro-2-300x283.jpg 300w, https:\/\/medyaeksper.com\/wp-content\/uploads\/2024\/07\/Blackmagic-Studio-Camera-6K-Pro-2-1024x966.jpg 1024w, https:\/\/medyaeksper.com\/wp-content\/uploads\/2024\/07\/Blackmagic-Studio-Camera-6K-Pro-2-768x725.jpg 768w, https:\/\/medyaeksper.com\/wp-content\/uploads\/2024\/07\/Blackmagic-Studio-Camera-6K-Pro-2-600x566.jpg 600w, https:\/\/medyaeksper.com\/wp-content\/uploads\/2024\/07\/Blackmagic-Studio-Camera-6K-Pro-2.jpg 1183w\" sizes=\"auto, (max-width: 300px) 100vw, 300px\" \/> <img loading=\"lazy\" decoding=\"async\" class=\"alignnone size-medium wp-image-1580\" src=\"https:\/\/medyaeksper.com\/wp-content\/uploads\/2024\/07\/Blackmagic-Studio-Camera-6K-Pro1-2-300x273.jpg\" alt=\"\" width=\"300\" height=\"273\" srcset=\"https:\/\/medyaeksper.com\/wp-content\/uploads\/2024\/07\/Blackmagic-Studio-Camera-6K-Pro1-2-300x273.jpg 300w, https:\/\/medyaeksper.com\/wp-content\/uploads\/2024\/07\/Blackmagic-Studio-Camera-6K-Pro1-2-1024x931.jpg 1024w, https:\/\/medyaeksper.com\/wp-content\/uploads\/2024\/07\/Blackmagic-Studio-Camera-6K-Pro1-2-768x698.jpg 768w, https:\/\/medyaeksper.com\/wp-content\/uploads\/2024\/07\/Blackmagic-Studio-Camera-6K-Pro1-2-600x545.jpg 600w, https:\/\/medyaeksper.com\/wp-content\/uploads\/2024\/07\/Blackmagic-Studio-Camera-6K-Pro1-2.jpg 1276w\" sizes=\"auto, (max-width: 300px) 100vw, 300px\" \/><\/p>\n","protected":false},"featured_media":1574,"comment_status":"open","ping_status":"closed","template":"","meta":[],"product_brand":[],"product_cat":[142,76],"product_tag":[],"class_list":{"0":"post-1570","1":"product","2":"type-product","3":"status-publish","4":"has-post-thumbnail","6":"product_cat-broadcast-cihazlari","7":"product_cat-kamera","9":"first","10":"instock","11":"sale","12":"taxable","13":"shipping-taxable","14":"purchasable","15":"product-type-simple"},"_links":{"self":[{"href":"https:\/\/medyaeksper.com\/index.php?rest_route=\/wp\/v2\/product\/1570","targetHints":{"allow":["GET"]}}],"collection":[{"href":"https:\/\/medyaeksper.com\/index.php?rest_route=\/wp\/v2\/product"}],"about":[{"href":"https:\/\/medyaeksper.com\/index.php?rest_route=\/wp\/v2\/types\/product"}],"replies":[{"embeddable":true,"href":"https:\/\/medyaeksper.com\/index.php?rest_route=%2Fwp%2Fv2%2Fcomments&post=1570"}],"wp:featuredmedia":[{"embeddable":true,"href":"https:\/\/medyaeksper.com\/index.php?rest_route=\/wp\/v2\/media\/1574"}],"wp:attachment":[{"href":"https:\/\/medyaeksper.com\/index.php?rest_route=%2Fwp%2Fv2%2Fmedia&parent=1570"}],"wp:term":[{"taxonomy":"product_brand","embeddable":true,"href":"https:\/\/medyaeksper.com\/index.php?rest_route=%2Fwp%2Fv2%2Fproduct_brand&post=1570"},{"taxonomy":"product_cat","embeddable":true,"href":"https:\/\/medyaeksper.com\/index.php?rest_route=%2Fwp%2Fv2%2Fproduct_cat&post=1570"},{"taxonomy":"product_tag","embeddable":true,"href":"https:\/\/medyaeksper.com\/index.php?rest_route=%2Fwp%2Fv2%2Fproduct_tag&post=1570"}],"curies":[{"name":"wp","href":"https:\/\/api.w.org\/{rel}","templated":true}]}}