{"id":1587,"date":"2024-07-26T13:31:47","date_gmt":"2024-07-26T10:31:47","guid":{"rendered":"https:\/\/medyaeksper.com\/?post_type=product&#038;p=1587"},"modified":"2024-12-17T11:31:12","modified_gmt":"2024-12-17T08:31:12","slug":"miliboo-mjl01-profesyonel-dolly","status":"publish","type":"product","link":"https:\/\/medyaeksper.com\/?product=miliboo-mjl01-profesyonel-dolly","title":{"rendered":"MILIBOO MJL01 Profesyonel Dolly"},"content":{"rendered":"<h4>Miliboo MJL01 \u00d6zellikleri<\/h4>\n<div>Tripod Ayak Uyumlulu\u011fu Yuvarlak Ayak<\/div>\n<div>Ayarlanabilir Ayak \u0130zi Evet<\/div>\n<div>Y\u00fckleme kapasitesi 44.1 lb \/ 20.00 kg<\/div>\n<div>Katlanm\u0131\u015f Uzunluk 16,93 &#8220;\/ 43 cm<\/div>\n<div>Kilitleme Tekerlekleri Evet<\/div>\n<div>Malzeme ABS, Al\u00fcminyum<\/div>\n<div>A\u011f\u0131rl\u0131k 3,49 lb \/ 1,58 kg<\/div>\n<p>Neredeyse t\u00fcm tripodlara uyumlu, a\u011f\u0131r hizmet tipi Tripod Dolly. Miliboo MJL01, tripodlar\u0131 kolayl\u0131kla ta\u015f\u0131man\u0131za izin verir ve 44,1 lb&#8217;ye(20kg) kadar y\u00fckleri destekler. MJL01, Tripod boyutuna ve y\u00fcksekli\u011fine ba\u011fl\u0131 olarak de\u011fi\u015fken bir ayak izi i\u00e7in her biri 10.6&#8243; ila 16.1&#8243;\u00a0 uzunlu\u011funda teleskopik bacaklara sahiptir. Tekerlekli ta\u015f\u0131y\u0131c\u0131 son derece hafif olup, 3.5 lb a\u011f\u0131rl\u0131\u011f\u0131ndad\u0131r. Ta\u015f\u0131y\u0131c\u0131n\u0131n ayaklar\u0131 katlan\u0131r yap\u0131da olup, depolama i\u00e7in yerden tasarruf sa\u011flar. Entegre ta\u015f\u0131y\u0131c\u0131 tutama\u00e7, ise ta\u015f\u0131mada kolayl\u0131k sa\u011flar.<\/p>\n","protected":false},"excerpt":{"rendered":"<p><img loading=\"lazy\" decoding=\"async\" class=\"alignnone size-medium wp-image-1588\" src=\"https:\/\/medyaeksper.com\/wp-content\/uploads\/2024\/07\/miliboo-01-1-300x158.jpeg\" alt=\"\" width=\"300\" height=\"158\" srcset=\"https:\/\/medyaeksper.com\/wp-content\/uploads\/2024\/07\/miliboo-01-1-300x158.jpeg 300w, https:\/\/medyaeksper.com\/wp-content\/uploads\/2024\/07\/miliboo-01-1-1024x539.jpeg 1024w, https:\/\/medyaeksper.com\/wp-content\/uploads\/2024\/07\/miliboo-01-1-768x404.jpeg 768w, https:\/\/medyaeksper.com\/wp-content\/uploads\/2024\/07\/miliboo-01-1-1536x808.jpeg 1536w, https:\/\/medyaeksper.com\/wp-content\/uploads\/2024\/07\/miliboo-01-1-600x316.jpeg 600w, https:\/\/medyaeksper.com\/wp-content\/uploads\/2024\/07\/miliboo-01-1.jpeg 1900w\" sizes=\"auto, (max-width: 300px) 100vw, 300px\" \/> <img loading=\"lazy\" decoding=\"async\" class=\"alignnone size-medium wp-image-1589\" src=\"https:\/\/medyaeksper.com\/wp-content\/uploads\/2024\/07\/ayak-300x297.jpg\" alt=\"\" width=\"300\" height=\"297\" srcset=\"https:\/\/medyaeksper.com\/wp-content\/uploads\/2024\/07\/ayak-300x297.jpg 300w, https:\/\/medyaeksper.com\/wp-content\/uploads\/2024\/07\/ayak-150x150.jpg 150w, https:\/\/medyaeksper.com\/wp-content\/uploads\/2024\/07\/ayak-100x100.jpg 100w, https:\/\/medyaeksper.com\/wp-content\/uploads\/2024\/07\/ayak.jpg 500w\" sizes=\"auto, (max-width: 300px) 100vw, 300px\" \/><\/p>\n","protected":false},"featured_media":1589,"comment_status":"open","ping_status":"closed","template":"","meta":[],"product_brand":[],"product_cat":[142,15],"product_tag":[],"class_list":{"0":"post-1587","1":"product","2":"type-product","3":"status-publish","4":"has-post-thumbnail","6":"product_cat-broadcast-cihazlari","7":"product_cat-genel","9":"first","10":"instock","11":"taxable","12":"shipping-taxable","13":"purchasable","14":"product-type-simple"},"_links":{"self":[{"href":"https:\/\/medyaeksper.com\/index.php?rest_route=\/wp\/v2\/product\/1587","targetHints":{"allow":["GET"]}}],"collection":[{"href":"https:\/\/medyaeksper.com\/index.php?rest_route=\/wp\/v2\/product"}],"about":[{"href":"https:\/\/medyaeksper.com\/index.php?rest_route=\/wp\/v2\/types\/product"}],"replies":[{"embeddable":true,"href":"https:\/\/medyaeksper.com\/index.php?rest_route=%2Fwp%2Fv2%2Fcomments&post=1587"}],"wp:featuredmedia":[{"embeddable":true,"href":"https:\/\/medyaeksper.com\/index.php?rest_route=\/wp\/v2\/media\/1589"}],"wp:attachment":[{"href":"https:\/\/medyaeksper.com\/index.php?rest_route=%2Fwp%2Fv2%2Fmedia&parent=1587"}],"wp:term":[{"taxonomy":"product_brand","embeddable":true,"href":"https:\/\/medyaeksper.com\/index.php?rest_route=%2Fwp%2Fv2%2Fproduct_brand&post=1587"},{"taxonomy":"product_cat","embeddable":true,"href":"https:\/\/medyaeksper.com\/index.php?rest_route=%2Fwp%2Fv2%2Fproduct_cat&post=1587"},{"taxonomy":"product_tag","embeddable":true,"href":"https:\/\/medyaeksper.com\/index.php?rest_route=%2Fwp%2Fv2%2Fproduct_tag&post=1587"}],"curies":[{"name":"wp","href":"https:\/\/api.w.org\/{rel}","templated":true}]}}