{"id":27,"date":"2022-06-10T13:56:17","date_gmt":"2022-06-10T13:56:17","guid":{"rendered":"http:\/\/medyaeksper.com\/?post_type=product&#038;p=27"},"modified":"2024-12-17T11:31:21","modified_gmt":"2024-12-17T08:31:21","slug":"panasonic-p2-ag-hpx371e-professional-broadcast-video-camera","status":"publish","type":"product","link":"https:\/\/medyaeksper.com\/?product=panasonic-p2-ag-hpx371e-professional-broadcast-video-camera","title":{"rendered":"Panasonic P2 AG-HPX371E Professional Broadcast Video Camera"},"content":{"rendered":"<p>Kamera 1880 saat \u00e7al\u0131\u015fma s\u00fcresine sahiptir.<\/p>\n<p>Bataryas\u0131 mevcuttur.<\/p>\n<p>Fujinon XT17x4.5BRM-K14 model lensi mevcuttur.<\/p>\n<p>Lenslerin 1.6-16 diyafram skalas\u0131, 4.5-77mm geni\u015fli\u011fi vard\u0131r.<\/p>\n","protected":false},"excerpt":{"rendered":"<p>\u00dcr\u00fcnler 1880 ve 1974 saat \u00e7al\u0131\u015fma s\u00fcrelerine sahip olan, temiz ve ikinci el cihazlard\u0131r. Cihazla birlikte ta\u015f\u0131ma \u00e7antas\u0131 ve bataryas\u0131 verilmektedir.<\/p>\n","protected":false},"featured_media":98,"comment_status":"open","ping_status":"closed","template":"","meta":[],"product_brand":[],"product_cat":[23,76,77],"product_tag":[78,79,80],"class_list":{"0":"post-27","1":"product","2":"type-product","3":"status-publish","4":"has-post-thumbnail","6":"product_cat-yayin-cihazlari","7":"product_cat-kamera","8":"product_cat-profesyonel-kamera","9":"product_tag-panasonic","10":"product_tag-professionalbroadcast","11":"product_tag-videocamera","13":"first","14":"outofstock","15":"taxable","16":"shipping-taxable","17":"purchasable","18":"product-type-simple"},"_links":{"self":[{"href":"https:\/\/medyaeksper.com\/index.php?rest_route=\/wp\/v2\/product\/27","targetHints":{"allow":["GET"]}}],"collection":[{"href":"https:\/\/medyaeksper.com\/index.php?rest_route=\/wp\/v2\/product"}],"about":[{"href":"https:\/\/medyaeksper.com\/index.php?rest_route=\/wp\/v2\/types\/product"}],"replies":[{"embeddable":true,"href":"https:\/\/medyaeksper.com\/index.php?rest_route=%2Fwp%2Fv2%2Fcomments&post=27"}],"wp:featuredmedia":[{"embeddable":true,"href":"https:\/\/medyaeksper.com\/index.php?rest_route=\/wp\/v2\/media\/98"}],"wp:attachment":[{"href":"https:\/\/medyaeksper.com\/index.php?rest_route=%2Fwp%2Fv2%2Fmedia&parent=27"}],"wp:term":[{"taxonomy":"product_brand","embeddable":true,"href":"https:\/\/medyaeksper.com\/index.php?rest_route=%2Fwp%2Fv2%2Fproduct_brand&post=27"},{"taxonomy":"product_cat","embeddable":true,"href":"https:\/\/medyaeksper.com\/index.php?rest_route=%2Fwp%2Fv2%2Fproduct_cat&post=27"},{"taxonomy":"product_tag","embeddable":true,"href":"https:\/\/medyaeksper.com\/index.php?rest_route=%2Fwp%2Fv2%2Fproduct_tag&post=27"}],"curies":[{"name":"wp","href":"https:\/\/api.w.org\/{rel}","templated":true}]}}