{"id":28,"date":"2022-06-10T13:56:18","date_gmt":"2022-06-10T13:56:18","guid":{"rendered":"http:\/\/medyaeksper.com\/?post_type=product&#038;p=28"},"modified":"2024-12-17T11:29:54","modified_gmt":"2024-12-17T08:29:54","slug":"datavideo-hdr-70-hd-recorder","status":"publish","type":"product","link":"https:\/\/medyaeksper.com\/?product=datavideo-hdr-70-hd-recorder","title":{"rendered":"DataVideo HDR-70 HD Recorder"},"content":{"rendered":"<p>Datavideo HDR-70 Rack tipi SDI giri\u015fli HD\/SD kay\u0131t\u00e7\u0131 Datavideo HDR-70 st\u00fcdyo uygulamalar\u0131 i\u00e7in dizayn edilmi\u015f bir video kay\u0131t\u00e7\u0131s\u0131d\u0131r. SDI \u00fczerinden ald\u0131\u011f\u0131 SD ve HD videolar\u0131 kaydetme \u00f6zelli\u011fi vard\u0131r. HDMI \u00e7\u0131k\u0131\u015f ve SDI loop-out \u00e7\u0131k\u0131\u015f\u0131 vard\u0131r. HDR- 70 ile kay\u0131t formatlar\u0131n\u0131 1080i, 720p, 576i ve 480i i\u00e7inden se\u00e7me imkan\u0131na sahipsiniz. Kaydedilen .M2T dosyalar\u0131 bir \u00e7ok kurgu ve playout \u00e7\u00f6z\u00fcmleriyle uyumludur. Kay\u0131t bitti\u011fi zaman, s\u00fcr\u00fcc\u00fc kolayca \u00e7\u0131kar\u0131labilir ve USB-2 portu ile PC ya da MAC tabanl\u0131 kurgu sistemlerine kolayca ba\u011flanabilir.<\/p>\n","protected":false},"excerpt":{"rendered":"<p>Digital Video Recorder<\/p>\n","protected":false},"featured_media":103,"comment_status":"open","ping_status":"closed","template":"","meta":[],"product_brand":[],"product_cat":[23,32],"product_tag":[45,21,28],"class_list":{"0":"post-28","1":"product","2":"type-product","3":"status-publish","4":"has-post-thumbnail","6":"product_cat-yayin-cihazlari","7":"product_cat-kayit-cihazlari","8":"product_tag-datavideo","9":"product_tag-recorder","10":"product_tag-broadcast","12":"first","13":"instock","14":"taxable","15":"shipping-taxable","16":"purchasable","17":"product-type-simple"},"_links":{"self":[{"href":"https:\/\/medyaeksper.com\/index.php?rest_route=\/wp\/v2\/product\/28","targetHints":{"allow":["GET"]}}],"collection":[{"href":"https:\/\/medyaeksper.com\/index.php?rest_route=\/wp\/v2\/product"}],"about":[{"href":"https:\/\/medyaeksper.com\/index.php?rest_route=\/wp\/v2\/types\/product"}],"replies":[{"embeddable":true,"href":"https:\/\/medyaeksper.com\/index.php?rest_route=%2Fwp%2Fv2%2Fcomments&post=28"}],"wp:featuredmedia":[{"embeddable":true,"href":"https:\/\/medyaeksper.com\/index.php?rest_route=\/wp\/v2\/media\/103"}],"wp:attachment":[{"href":"https:\/\/medyaeksper.com\/index.php?rest_route=%2Fwp%2Fv2%2Fmedia&parent=28"}],"wp:term":[{"taxonomy":"product_brand","embeddable":true,"href":"https:\/\/medyaeksper.com\/index.php?rest_route=%2Fwp%2Fv2%2Fproduct_brand&post=28"},{"taxonomy":"product_cat","embeddable":true,"href":"https:\/\/medyaeksper.com\/index.php?rest_route=%2Fwp%2Fv2%2Fproduct_cat&post=28"},{"taxonomy":"product_tag","embeddable":true,"href":"https:\/\/medyaeksper.com\/index.php?rest_route=%2Fwp%2Fv2%2Fproduct_tag&post=28"}],"curies":[{"name":"wp","href":"https:\/\/api.w.org\/{rel}","templated":true}]}}