{"id":627,"date":"2022-09-29T11:09:33","date_gmt":"2022-09-29T11:09:33","guid":{"rendered":"https:\/\/medyaeksper.com\/?post_type=product&#038;p=627"},"modified":"2024-12-17T11:30:02","modified_gmt":"2024-12-17T08:30:02","slug":"ericsson-encoder-avp2000-full-license","status":"publish","type":"product","link":"https:\/\/medyaeksper.com\/?product=ericsson-encoder-avp2000-full-license","title":{"rendered":"Ericsson Encoder AVP2000 \u2013 Full License"},"content":{"rendered":"<p>\u0130stedi\u011finiz di\u011fer opsiyonlar i\u00e7in bize ula\u015f\u0131n.<\/p>\n<p>&nbsp;<\/p>\n","protected":false},"excerpt":{"rendered":"<p>AVP2000 \u2013 FULL PACKAGE<\/p>\n<p>1. Dual power supply,<\/p>\n<p>2. CE-X veya 9001T Encoder Card,<\/p>\n<p>3. Video Resolution: 4.2.2,<\/p>\n<p>4. Licenses: 10-bit<\/p>\n<p>5. HD \/ SDI input \u2013 output<\/p>\n<p>6. IP in\/out<\/p>\n","protected":false},"featured_media":626,"comment_status":"open","ping_status":"closed","template":"","meta":[],"product_brand":[],"product_cat":[116,23],"product_tag":[],"class_list":{"0":"post-627","1":"product","2":"type-product","3":"status-publish","4":"has-post-thumbnail","6":"product_cat-encoder","7":"product_cat-yayin-cihazlari","9":"first","10":"instock","11":"featured","12":"taxable","13":"shipping-taxable","14":"purchasable","15":"product-type-simple"},"_links":{"self":[{"href":"https:\/\/medyaeksper.com\/index.php?rest_route=\/wp\/v2\/product\/627","targetHints":{"allow":["GET"]}}],"collection":[{"href":"https:\/\/medyaeksper.com\/index.php?rest_route=\/wp\/v2\/product"}],"about":[{"href":"https:\/\/medyaeksper.com\/index.php?rest_route=\/wp\/v2\/types\/product"}],"replies":[{"embeddable":true,"href":"https:\/\/medyaeksper.com\/index.php?rest_route=%2Fwp%2Fv2%2Fcomments&post=627"}],"wp:featuredmedia":[{"embeddable":true,"href":"https:\/\/medyaeksper.com\/index.php?rest_route=\/wp\/v2\/media\/626"}],"wp:attachment":[{"href":"https:\/\/medyaeksper.com\/index.php?rest_route=%2Fwp%2Fv2%2Fmedia&parent=627"}],"wp:term":[{"taxonomy":"product_brand","embeddable":true,"href":"https:\/\/medyaeksper.com\/index.php?rest_route=%2Fwp%2Fv2%2Fproduct_brand&post=627"},{"taxonomy":"product_cat","embeddable":true,"href":"https:\/\/medyaeksper.com\/index.php?rest_route=%2Fwp%2Fv2%2Fproduct_cat&post=627"},{"taxonomy":"product_tag","embeddable":true,"href":"https:\/\/medyaeksper.com\/index.php?rest_route=%2Fwp%2Fv2%2Fproduct_tag&post=627"}],"curies":[{"name":"wp","href":"https:\/\/api.w.org\/{rel}","templated":true}]}}